t is the greatest common divisor of f and t?
20
Suppose -5*u + 700 = 4*q, 0 = u - q - 80 - 60. Suppose -7*n = -21 - u. Calculate the highest common divisor of n and 713.
23
Suppose 2*c - 3*p = -2, -9 = -4*c - 3*p + 5. Let u be -6*1742/(-2028) - 2/13. Calculate the highest common divisor of u and c.
1
Suppose 2*q = 3*o - 867 + 6372, 4*q = 2*o + 11014. Calculate the greatest common factor of 204 and q.
102
Let h = 136 + -133. Let g be (h - 1) + (-6)/(-2). What is the highest common divisor of 60 and g?
5
Let b be 6/2*(-2928)/(-549). Calculate the greatest common factor of b and 4336.
16
Suppose -34*l + 3*l = 219*l - 87000. Calculate the highest common factor of l and 32.
4
Let p(s) = -s**3 + 65*s**2 + 138*s - 20. Let f be p(66). Calculate the greatest common factor of 28 and f.
28
Suppose 0 = v + 3*l - 609, -3*v - l + 1787 = -0*v. Let h(y) = 250*y + 1772. Let o be h(-7). Calculate the greatest common factor of o and v.
22
Let t be 375/3*(-22 + 23). Let n be (-2 + -15)/(-1 + 2). Let z = t + n. What is the highest common factor of z and 12?
12
Suppose -5*p = -k + 30, -3*p - 3*k - 49 = -13. Let g(x) = 4*x**2 - 3*x - 47. Let b be g(p). What is the greatest common factor of b and 10?
10
Suppose 8*x + 483 = 515. Calculate the highest common factor of x and 324.
4
Suppose 12 = -7*c + c. Let h be (c/(-4))/((-1)/(-8)). Calculate the greatest common divisor of 4 and h.
4
Suppose 21 = 3*m + 4*h - 1, -3*h = m - 14. Suppose -m*k + 4*r = -104, -14*k - 37 = -15*k - r. Calculate the highest common divisor of 574 and k.
14
Let m be 2046/124*100/15. Calculate the highest common divisor of 1430 and m.
110
Let z(i) = i**3 - 92*i**2 - 815*i - 3. Let d be z(-8). What is the highest common divisor of d and 1557?
9
Suppose -930*n = -903*n - 810. Suppose 0*z + z = 42. Calculate the highest common factor of z and n.
6
Let y = -29 + 29. Suppose y = -0*f + 6*f - 30. Suppose -5*h - f*s - 1 = -6, -5*h - s + 21 = 0. What is the highest common factor of 45 and h?
5
Suppose -22*h - 2 + 68 = 0. Suppose -h*z + 5 = 2*r, 4*z = -0*r - 5*r + 16. Calculate the greatest common divisor of r and 29.
1
Let f be 4*20*16/10. Let h = 112422 + -112414. Calculate the greatest common factor of h and f.
8
Suppose 2*u + 3*g + 14 - 119 = 0, 3*g = 3*u - 120. Calculate the greatest common divisor of u and 25.
5
Let k(z) = z**2 - 4*z - 10. Let g = 20 - 14. Let y be k(g). Suppose y*i - 12 = 2*j, 1 - 3 = i + j. Calculate the highest common divisor of i and 2.
2
Suppose -30*s + 1382 + 1018 = 0. Let t be (15 + 1)/((-4)/(-6)). Calculate the highest common factor of t and s.
8
Let u(b) = 11*b**2 - 92*b - 45. Let t be u(12). Calculate the greatest common factor of 725 and t.
145
Suppose 8*b - 317 = 351 - 636. What is the greatest common divisor of 441 and b?
1
Let a be 3 + 0 + 1*29. Let r(t) = -14*t - 96. Let g be r(-7). Suppose o + 10 = 2*w, -7 = -w + g*o + 1. Calculate the greatest common factor of w and a.
4
Let d(k) be the third derivative of 39*k**2 + 0*k - 2/3*k**3 + 0 + 1/6*k**5 - 1/6*k**4. Let p be d(-2). Calculate the highest common factor of 44 and p.
44
Suppose -26 = 4*a - 3*q - 48, -2*a = 5*q + 2. Calculate the greatest common divisor of 928 and a.
4
Let g(b) = -b**2 - 13*b + 72. Let a be g(-17). Suppose 177 - 47 = 5*p. Suppose u + p - 58 = 0. Calculate the greatest common divisor of a and u.
4
Let z = -273 - -265. Let i = z - -113. What is the highest common factor of i and 15?
15
Let p(z) be the second derivative of z**4/4 + 4*z**3 - 5*z**2/2 + z + 42. Let g be p(-10). What is the highest common factor of g and 11?
11
Let r be ((-14)/(-28) + 2/(-4))/(-2). Suppose 3*d + 268 = 5*p + 2*d, r = -p + 2*d + 59. Calculate the highest common factor of p and 477.
53
Let c(x) = x**3 - 8*x**2 - 15*x + 188. Let d be c(6). What is the highest common divisor of 4225 and d?
13
Let a(c) = 2*c**2 - 18*c + 52. Let t = -482 + 486. Let g be a(t). What is the highest common factor of 192 and g?
12
Suppose -5*a + a = -1472. Suppose -4*f - 3*i - 1731 = -709, 0 = -5*f + i - 1268. Let p = f - -300. What is the highest common divisor of p and a?
46
Let g = -31 - -62. Suppose 7*m = 11*m + 160. Let u be 64/m*155/(-2). What is the greatest common divisor of u and g?
31
Let r = 204 + -146. What is the greatest common divisor of r and 1363?
29
Let u be (-265972)/(-147)*4*12/32. Calculate the greatest common divisor of u and 354.
118
Let u(h) = 3657*h**3 - h**2 - 25*h + 27. Let a be u(1). What is the greatest common divisor of 217 and a?
31
Suppose 3*c + 808 - 1054 = 0. Let f = -75 + c. What is the greatest common divisor of f and 315?
7
Suppose 3*n + 8 = 2*d, 0 = 2*d - 2*n - 5 - 5. Let k(l) = 2*l**2 + 70*l + 621. Let f be k(-22). What is the greatest common divisor of f and d?
7
Suppose 0 = -5*h - 14 + 184. Let m be 1*54*1120/2520 - (-2 - (1 + -10)). What is the highest common factor of h and m?
17
Let n = 27 - 39. Let p be (-1630)/n - 20/(-120). Let s be p/5 - (-4)/5. What is the greatest common divisor of 4 and s?
4
Let i(s) = s**3 - 21*s**2 - 44*s + 14. Let v be i(23). Suppose -16*p - 39*p = -3960. What is the greatest common factor of v and p?
12
Suppose p = -5*v - 15, -5*v - 5 = 10. Suppose p - 27 = -l. Suppose -4*q = -u - 75, 2*q = q + 5*u + 33. What is the highest common divisor of l and q?
9
Let b = -8368 - -14780. Calculate the highest common factor of b and 140.
28
Let p = -1312 - -496. Let j = p + 1012. Calculate the highest common factor of j and 4.
4
Suppose -g = 4*o - 6627, -5*o - 5035 = -g - 13312. Calculate the highest common divisor of 96 and o.
24
Let j = 3944 - 3720. What is the highest common factor of j and 2856?
56
Let s(f) = 570*f + 57. Let c be s(6). Let o = c - 2413. Calculate the highest common factor of 19 and o.
19
Let v = 22 - 4. Suppose v*p - 18 - 162 = 0. Let c = 40 - 20. Calculate the highest common factor of p and c.
10
Suppose -3*n - 5*j = -304, 3*j + 27 = 42. Suppose 5*i + 412 = -2*g, -5*i - 3*g = -0*i + 413. Let m = i + n. What is the greatest common factor of m and 1?
1
Let x(p) = -4*p - 23. Let c be x(-7). Suppose -c*b = -0 - 10. Suppose 4*l - 30 = k, 5*k - k + 8 = b*l. Calculate the greatest common divisor of l and 64.
8
Let u(s) = s**2 - 1876*s + 11248. Let r be u(6). Let h be (-90)/35*(-2 - 5). Let k be 1*-126*(-12)/h. What is the greatest common divisor of r and k?
28
Suppose 7*v - v = 4428. Suppose 0 = 9*x + 9*x - v. What is the highest common divisor of 451 and x?
41
Let n(p) = p**2 - 111*p + 826. Let s be n(103). Calculate the greatest common divisor of s and 705.
1
Let c be (-4)/34 + (-23850)/(-425). Let s be 414/(4 - -2) - (-3 + 8). What is the highest common divisor of s and c?
8
Suppose -j + 5*d = j - 1507, 0 = -j - d + 757. Let f be (j/(-54))/(-1*4/26). What is the greatest common factor of f and 52?
13
Let b be (-1 - 0) + (-2 - -17). Let x(l) = -3*l**3 - 99*l**2 - 119*l - 715. Let h be x(-32). Calculate the highest common factor of h and b.
7
Suppose 2*g - 3*c - 1069 = -3*g, 0 = -4*c - 12. Suppose 5*y - 353 = 3*h, 0 = -3*y - 0*h + 2*h + g. Calculate the greatest common factor of 70 and y.
70
Let d = -164 - -483. Let g = -2312 + 2341. What is the highest common factor of d and g?
29
Suppose 49*n - 50*n - 5*i + 89 = 0, -2*i = 5*n - 422. Calculate the greatest common divisor of n and 133.
7
Suppose 0 = 4*l - 5*h - 1144, 8*l - 5*l = 5*h + 853. Let j be (10*-1)/(-9 - l/(-33)). What is the greatest common divisor of j and 55?
55
Let p = -4513 - -4531. Calculate the greatest common factor of 27 and p.
9
Let f = -132 - -356. Suppose 3*d - 5*k - 811 = -d, -d = 3*k - f. Calculate the greatest common factor of d and 22.
11
Suppose -p = -118 - 41. Let r = 178 - p. Calculate the highest common divisor of r and 76.
19
Let u be (4064/(-16))/(2/(-5)). Calculate the greatest common divisor of u and 75.
5
Let h be 91/(-56) - (-12)/(-32). Let c be (-7)/56 + (h - (-3074)/16). Calculate the highest common divisor of c and 10.
10
Suppose -41*p - 5*p = 15*p - 6832. Calculate the greatest common divisor of 2408 and p.
56
Suppose -3*i - 6 = -0*i. Let v be (70/(-42))/(i/(-108)). Let g be v/(-4)*(-40)/(-30). Calculate the highest common divisor of 45 and g.
15
Suppose -o = 3*a - 15, 198*a + 33 = 2*o + 205*a. Suppose 3*j + 720 = -y + 4*y, 4*y - 960 = -2*j. What is the greatest common factor of y a